4*l + 1940 = b, 17*b = -5*l + 19*b + 2425. What is the greatest common divisor of l and z?
5
Suppose -5*k + u = -k - 7, -k - 4*u + 6 = 0. Suppose -k*o + 1 = -135. Let l be o/85*(-10)/(-2). What is the highest common divisor of 32 and l?
4
Suppose -70*j + 36250 = -7*j - 5*j. Calculate the highest common factor of j and 50.
25
Let i be (72/21)/((-10)/(-735)). Let r = -98 - -161. Calculate the highest common divisor of r and i.
63
Suppose -67 = 8*j + 133. Let a be (-2130)/j - 8/(-10). Suppose 2*z + 5*u = 60, -4*z + 3*u + 34 + a = 0. Calculate the greatest common factor of 12 and z.
6
Let f be 4/8 - (-103)/2. Suppose -51*p - 40 = -f*p. Calculate the greatest common factor of p and 8.
8
Suppose 2*h + 4 = 3*h. Suppose 10 + 2 = 43*f - 160. Suppose 4*m - h = 0, 8*a - 13*a - f*m + 74 = 0. Calculate the greatest common factor of 2 and a.
2
Suppose 21*o - h = 19*o - 282, -155 = o + 3*h. Let b = o + 668. Calculate the greatest common divisor of b and 21.
21
Suppose 3*b + 27 = 4*b. Suppose -2*c - 409 = 3*d, -5 = 3*c + 1. Let f = d - -216. Calculate the greatest common divisor of f and b.
27
Suppose -3*x + 5*a + 143 = 20, 111 = 3*x - a. Calculate the greatest common factor of x and 18.
18
Let f(d) = -d**3 - 16*d**2 - 8*d - 72. Let r be f(-18). Calculate the greatest common factor of 80 and r.
80
Suppose 2*m - 206 - 314 = 0. Suppose -7103 - 3505 = -102*q. Calculate the highest common factor of q and m.
52
Suppose -552825 = -410*v - 100364 + 369999. Calculate the highest common divisor of 2950 and v.
118
Let x = 7665 - -4663. What is the greatest common divisor of x and 552?
184
Let t be ((-765)/(-170))/((-7)/(-2) - 2) + 69. Suppose -2*k = 5*c + 39 - 122, 0 = -3*k + 3*c + 177. Calculate the greatest common divisor of k and t.
18
Let a = -17 - -17. Suppose a = 2*k - 101 + 21. Let x = -147 - -157. Calculate the highest common divisor of k and x.
10
Suppose -27 = -d - 3*p, 3*d - p = -d + 95. Let m = d - 15. Suppose -3*b + m = y - 4*b, 0 = 5*y - 2*b - 42. What is the highest common divisor of y and 16?
8
Let y be 43/(-2*(-3)/6). Suppose -d - 3*r - 672 = 0, 3*r = 4*d + 2702 + 46. Let f be (-2)/(-8) + d/(-16) + 0. What is the highest common factor of f and y?
43
Let b(v) = 2*v**2 + 4*v - 2. Let i be b(1). Suppose 579 = 4*g - i*r + 3*r, 5*r = -5*g + 730. What is the greatest common divisor of g and 58?
29
Suppose f - 100 = 61. Suppose 0*r - 52*r = -1229 - 1163. What is the highest common factor of f and r?
23
Let s(l) = -13 - 6*l + 3*l**2 + 9*l - 14*l**3 + 14. Let g be s(-1). Suppose -36 = -10*y + 114. What is the highest common factor of y and g?
15
Suppose 0 = 163*s - 162*s + 9. Let g(t) = -2*t**3 - 18*t**2 + 2*t + 30. Let h be g(s). What is the highest common divisor of 60 and h?
12
Suppose -19*g - 16153 = -53241. What is the greatest common factor of 61 and g?
61
Suppose 0 = 22*m - 29*m + 35. Let w(o) = -o**3 + 4*o**2 - 5*o - 2. Let z be w(m). Let y be z/(-14) + (-4)/(-14). What is the greatest common factor of y and 16?
4
Let f be (-1)/(1*(-4)/8). Suppose 3*m + 5*q = -f*m + 110, 32 = 2*m - q. Let z be ((-6)/(-10))/((-38)/(-2850)). What is the greatest common divisor of z and m?
9
Suppose 7*i - 5*r = 58872, -r - 16818 = 22*i - 24*i. What is the greatest common divisor of i and 12?
6
Suppose -32*m + 786 = 255 - 621. Let z be 62/4 - (-1)/2. Let j = z - -8. What is the greatest common divisor of j and m?
12
Suppose -26*t - 43*t + 13*t = -7056. Calculate the greatest common divisor of 2070 and t.
18
Let v = 56 + 16. Let p be (-3 - ((-115)/(-20) + -2))*-4. Let a be 10*p/60*12. What is the greatest common factor of a and v?
18
Suppose 0*n = -2*n - b + 5, 2*b = -5*n + 14. Suppose -133*w - 100 = -138*w. What is the highest common divisor of w and n?
4
Let w(k) = 2*k**3 - 57*k**2 + 42*k - 179. Let x be w(30). What is the highest common factor of x and 398?
199
Suppose -7*p = -5*p - 3*k + 3, 0 = -4*k + 4. Suppose p = -l - 0*l + 3. Suppose 5*t + 2*i = 2234, l*i + i = -12. What is the greatest common divisor of t and 56?
56
Let l(m) = -21*m + 46. Let k(z) = -3. Let y(b) = -5*k(b) - l(b). Let c be y(3). Calculate the highest common divisor of c and 40.
8
Let s = -1277 + 1300. What is the highest common factor of 2507 and s?
23
Suppose -5*u - 64 = -m, 3*u + 19 = 7. Suppose -1816 = -4*d + 120. Calculate the greatest common factor of d and m.
44
Suppose 4*a + a = 155. Let h(d) = -87*d - 24. Let w be h(4). Let y be (w/14)/((-78)/273). Calculate the highest common divisor of a and y.
31
Let t = -49 - -49. Let k be t + 0 + -5 + 64. Suppose 0 = 2*x + 1 - k. Calculate the highest common factor of x and 232.
29
Let m = -1906 - -2046. What is the highest common factor of 2828 and m?
28
Let c be (-5782)/(-392) - 1/(-4). Let z(x) = -124*x**3 + x**2. Let v be z(-1). Suppose -3*b = -10 - v. Calculate the highest common divisor of b and c.
15
Let t(l) = -45*l**3 + l**2 - 5*l + 2. Let q = 40 - 38. Let s be t(q). Let a = -166 - s. What is the greatest common divisor of a and 18?
18
Let t = 131 - 138. Let j(w) = -3*w**2 - 23*w - 12. Let p be j(t). Calculate the highest common divisor of p and 8.
2
Let m(o) = -o**3 - 12*o**2 + 35*o + 20. Let z be m(-14). Let a be (-321)/(-18) + (-13)/z. What is the highest common divisor of 54 and a?
18
Let v(j) = -10*j + 149. Let g be v(11). Suppose -30*f = -g*f + 198. Suppose -4*r + 24 = -20. Calculate the greatest common divisor of r and f.
11
Suppose -300*w = -290*w - 190. Let i(y) = 16*y - 142. Let j be i(w). What is the greatest common divisor of 36 and j?
18
Let a(o) = -o**3 + 17*o**2 - 21*o + 25. Let w be a(14). Let g = w - 287. What is the greatest common divisor of 32 and g?
32
Suppose -372*h - 2534 = -2*a - 374*h, -2*a = 4*h - 2538. What is the greatest common factor of a and 207?
23
Suppose -3*f = 3, 4*a - 13*f + 11*f = 18530. Calculate the greatest common divisor of 48 and a.
24
Let b(v) = v**3 + 9*v**2 + 4*v - 5. Let m be b(-7). Let j = m - 67. Let a be 35 - (-2 + 3 - 3 - j). Calculate the highest common factor of 315 and a.
35
Let f be -13*(0 + (-1 - 0)). Let w(b) = -b**2 + 108 + 14*b - 45 - 66. Let l be w(f). What is the greatest common factor of l and 10?
10
Suppose 0 = 16*h + 3*h - 4218. Suppose -8*x + h = -834. Calculate the greatest common factor of x and 30.
6
Let m(c) = -c**3 + 9*c**2 + 7*c + 12. Let r = -44 - -45. Suppose i - 3*j = 8, -r = i + j - 9. Let y be m(i). What is the greatest common factor of 12 and y?
12
Let f(r) = r**2 - 8*r + 10. Let k be f(7). Suppose k*l - 80 = 52. What is the highest common factor of 4 and l?
4
Suppose -100*w + 24658 = -8942. What is the greatest common factor of w and 432?
48
Let l be (-61)/(-4) - ((-6)/8)/1. Let o be ((-24)/l)/((-1)/26). Suppose -10*q + o = -9*q. Calculate the greatest common divisor of q and 351.
39
Let b = 75 - -39. Let j(r) = r**3 - 8*r**2 - r + 9. Let q be j(8). Let f be (q/(-2))/((-17)/204). What is the highest common divisor of f and b?
6
Let c(r) = 2*r**2 - 16*r - 8. Let o be c(11). Suppose y + 25 - 74 = 0. Let z = o - y. What is the greatest common factor of 72 and z?
9
Suppose 0 = -5*s - 12 + 37, 2*s - 26 = 2*p. Let u be 0 - -59 - (-11)/((-22)/p). Calculate the highest common divisor of 693 and u.
63
Let k = 86560 + -86552. Let h be (-344)/6*18/(-3). What is the greatest common divisor of h and k?
8
Suppose n + 2*n = 903. Let t = -482 - -1390. Let i = 951 - t. Calculate the highest common divisor of i and n.
43
Let h(k) = 272*k - 2396. Let u be h(9). Suppose 2*b + 4*a - 257 = 55, -3*b - 2*a = -468. Calculate the greatest common factor of u and b.
52
Suppose 3*h = 12, t + 2*h - 330 = 7*h. Let c = t - 345. Calculate the highest common divisor of c and 80.
5
Suppose -3*q - 14775 = -25*q - 3*q. Calculate the greatest common divisor of 8471 and q.
197
Let c be (-17013054)/(-3390) - (-26)/(-10). What is the highest common divisor of c and 2112?
264
Suppose 2*n = -4*z + 4224, -3*z + 3*n + 1990 + 1178 = 0. What is the greatest common factor of z and 96?
96
Suppose 3*b + 232 = 4*g, 648*g - 650*g + 2*b + 118 = 0. What is the greatest common divisor of 2585 and g?
55
Let v be (-26)/(-2) + -10 + (3 - -2). Suppose -d - 2*d = 0. Suppose i - 3*k - 28 = 0, -4*i + 3*k + 83 - 7 = d. Calculate the greatest common factor of v and i.
8
Let j be 2 - (-7)/4 - 5/(-20). Suppose 3*m = j*k - 42, -k 